igit of h?
2
Suppose -4*z - 2*s = -0*s + 44, -33 = 3*z + 3*s. Suppose 64 = -3*v - 4*r, -3*v + 0*v - 79 = r. Let t = z - v. What is the units digit of t?
7
Let v(c) = 1 - 3*c + 2*c + 3*c**2 - 4*c**2. Let u be v(0). What is the units digit of u/(-2)*-7*2?
7
Let w(u) = u**2 - 7*u - 8. Suppose -t + 11 - 3 = 0. Let x be w(t). Suppose 4*v - 3*c - 19 = 0, -v - c + 0 + 10 = x. What is the units digit of v?
7
Let i(o) = -o**3 - o**2 + 4*o + 6. What is the tens digit of i(-4)?
3
Let q(x) = 2*x**2 + x + 1. Let g be q(-1). Suppose -4*i - 16 = -g*i. Let l = -5 - i. What is the units digit of l?
3
Suppose -5*x - 217 = -4*i, 4*i - 221 = -2*x + 17. What is the units digit of i?
8
Suppose -4*u - 10 = -3*u. Let m = -6 - u. What is the units digit of m?
4
Let c(z) = -z**3 + 7*z**2 - 7*z + 2. What is the units digit of c(5)?
7
Let k = 7 - 5. Suppose 0*w + 5*w = -5*u + 20, -k*u = -4*w - 2. Suppose 0 = -2*m + 3*q - w, 0*m - 4*q + 6 = -2*m. What is the units digit of m?
7
What is the units digit of 294 + (-5 - (-3 + 1))?
1
Suppose 6*k - 8 = -2*z + 4*k, 5*k = 15. What is the units digit of z - -6*3/6?
4
Let c = -37 - -64. Suppose -2*a - k = -c, -a + 26 = -0*a + 3*k. What is the units digit of a?
1
Suppose 3*q - 3 - 3 = 0. Suppose 2*f - 100 = -4*v - 2*f, 53 = 2*v + f. Suppose -2*d + v = q*d. What is the units digit of d?
7
Let b(a) = a**3 + 6*a**2 - a + 4. What is the tens digit of b(-3)?
3
Suppose 0*m + 2*m - 60 = 0. What is the units digit of 3/((m/56)/5)?
8
Suppose 21 = 3*m + 3. What is the units digit of m/(-4)*(-64)/6?
6
Let d(w) = 13*w**2 + 2*w + 4. Let l(u) = 1. Let y(k) = d(k) - 3*l(k). Suppose 1 = 2*i + 3. What is the units digit of y(i)?
2
What is the units digit of 18 + (-1 - (-8)/4)?
9
Suppose 3 = -4*a - 1. Let z(k) = k**2 - 3*k - 3. Let x be z(5). Let g = x + a. What is the units digit of g?
6
Let q = -3 + 11. What is the tens digit of 4 + q - 6/(-2)?
1
Suppose 0 = 3*a - 4*a. Suppose a*o - 5 = -o. What is the units digit of 4 - o - 10/(-1)?
9
Let d(l) = -l**2 - 7*l - 3. Let s(k) = -k**2 + 2*k + 1. Let i be s(-1). Let z be (-62)/10 - i/10. What is the units digit of d(z)?
3
Let h = -16 + 59. Suppose -5*o - 1 + 6 = 0, 3*o = 4*q + h. What is the units digit of 25/q*32/(-10)?
8
Let x = -3 + 6. Suppose -r = -x*r + 24. Suppose -10 = -2*a + r. What is the tens digit of a?
1
Suppose v + 4*l - 51 - 98 = 0, 5*v - 5*l - 870 = 0. What is the hundreds digit of v?
1
Suppose -3*w - 9 + 81 = 0. Suppose -71 = -5*g + w. What is the units digit of g?
9
Let o = 14 + -12. What is the units digit of o?
2
Suppose 18 = -0*f + 3*f. What is the units digit of f?
6
Let p = -9 + 13. Suppose 2*u - 7 = -p*r + 7, 3*u + r - 16 = 0. What is the units digit of u?
5
Suppose 54 + 96 = 5*b. Suppose -4*w - 4*o + 3 = -21, -4*w + b = o. What is the units digit of w?
8
Let d be 2*3/6 + 1. Suppose b = -d*b + 162. Suppose 5*m = -5*t + b + 1, 0 = 5*m - t - 31. What is the units digit of m?
7
Let g(o) = 2*o**2 + 15*o - 28. What is the units digit of g(-12)?
0
Let h = 177 - 97. What is the tens digit of h?
8
Let o(j) = -3*j + 1. Let g be o(1). What is the tens digit of g/((8/38)/(-2))?
1
Let u(z) = -8*z**3 - z - 1. Let b be u(-2). Suppose -4*r + b = r. What is the units digit of r?
3
Suppose -4*p + 0*u = 2*u - 6, -p - u + 1 = 0. Let c(x) = -x + 3. What is the units digit of c(p)?
1
Let v(a) = a**2 - 6*a - 1. Suppose p = 3*c - 11 + 2, p + 3*c - 15 = 0. Let m be (14/8)/(p/12). What is the units digit of v(m)?
6
What is the units digit of 8700/27 + (-3)/(-54)*-4?
2
Suppose 21 = 5*x + 2*n, 4*n + 10 + 8 = 2*x. Let z = -1 + x. What is the units digit of 18/z - (-1)/(-2)?
4
What is the tens digit of 406 - (9/(-6))/(2/4)?
0
Let w(b) = 54*b**2 + 1. Let p be w(-1). Suppose 5*a = p + 75. What is the tens digit of a?
2
Suppose 4*g + 2*l = -g + 110, -15 = -g + l. What is the tens digit of g?
2
Let r(y) = y**3 + 8*y**2 - 26*y - 14. What is the units digit of r(-8)?
4
Let v be (4/3)/((-2)/(-27)). Let d be (-1)/4 - v/(-8). Suppose -9 = -d*j - 1. What is the units digit of j?
4
Let h(m) = 3*m - 2. Suppose -8 = -2*k - 0*k. What is the tens digit of h(k)?
1
Let v(o) = -o**3 - 3*o**2 - o - 3. Let y be v(-4). Let m = y + -12. What is the units digit of 3/3*m*1?
5
Let l be (-20)/(-8)*6/15. What is the tens digit of 25 - (-3)/(-3)*l?
2
Let w(y) = -y + 7. Let o(h) = h + 6. Let c be o(-4). Suppose 3*j = c*j + 5. What is the units digit of w(j)?
2
Let v(s) = -s**3 - 3*s**2 + 3*s + 22. What is the hundreds digit of v(-6)?
1
Suppose -x + 65 = -2*w, -3 = x - w - 66. What is the units digit of x?
1
Let a = 22 + 121. What is the units digit of a?
3
Let u(m) = -5*m**2 - 3 + 4*m - 20*m**3 + 21*m**3 - 1 - 2. What is the units digit of u(5)?
4
What is the tens digit of (42/4)/(4/8)?
2
Let y be 0/3 - (2 + -5). Suppose 0 = -4*j + 2*n + 10, n + 7 - 1 = y*j. What is the units digit of j?
1
Let q = -356 - -568. What is the tens digit of q?
1
Suppose -2*b = -0*i + 5*i - 830, -b - 845 = -5*i. What is the tens digit of i?
6
Let m be (-2 + 1)*-7 - 0. Suppose -a = -1, -a = -4*r + 4*a + 11. Suppose 17 = r*x - m. What is the units digit of x?
6
Let j be (2/4)/(2/(-8)). Let i be (2 + -1)/(j/(-86)). Suppose 3*s - i + 4 = 0. What is the units digit of s?
3
Let o be 5*(-1 - (-6)/3). Suppose o*v - 15 = 5. Suppose 5*i - v*i = 14. What is the units digit of i?
4
Let b be ((1 - 0) + 0)*11. Suppose 5*r + l = -2*l - b, -4*r + l = 19. What is the units digit of (r/(-10))/((-1)/(-10))?
4
Let v(i) = i**3 - 8*i**2 + 8*i - 8. Let k be v(7). What is the units digit of (12/(-30))/(k/5)?
2
Let l(b) = -b + 2. Let y = 2 + 2. Let d be (3/(-2))/(y/8). What is the units digit of l(d)?
5
Suppose -2*y = y - 15. Suppose 0 = -4*v - 3*o + 7 + 6, 0 = -v + y*o + 32. What is the units digit of v?
7
Let y = -21 + 52. Suppose -2*o = -o + 18. Let z = y + o. What is the units digit of z?
3
Suppose 5*m = 6 + 4. Suppose 3*a = -d + 12, -m*a + 8 = -d - d. Suppose -2*r + 3*g + 3 = -2, -r + 2*g = d. What is the tens digit of r?
1
Suppose 0 = k - 3*t + 14 - 2, -3*k - 3 = 2*t. Let z = 16 + k. What is the tens digit of z?
1
Let w be (-372)/(-28) + (-2)/7. Let y = w - 9. Suppose 0 = -c + 2*c - y. What is the units digit of c?
4
Let w(f) = 4*f**2 - 5*f + 4. Let o be (-8)/(-28) - (-38)/14. What is the tens digit of w(o)?
2
Suppose i + 2 = -4*u, -4*i + 3 + 6 = -u. Let y(a) = a**3 - 2*a**2 + a. Let g be y(i). What is the units digit of g + 1 + 10 + 1?
4
Suppose -2 - 10 = -4*a. Let c(v) = -a - 3*v**2 + 2*v + v + 4*v**2. What is the units digit of c(-4)?
1
Let s = 271 - 9. What is the tens digit of s?
6
Suppose -16 = 4*p - 4*b, -3*p + 3*b - 17 = p. Let d = p - -6. Suppose -z - d + 2 = 0. What is the units digit of z?
1
Let x(u) = -u + 1. Let r be x(1). Suppose -4*k - 15 = 5*d, -2*d + r*d = -4*k + 6. Let s = d - -5. What is the units digit of s?
2
Let n(y) be the second derivative of 5/12*y**4 - 1/20*y**5 + 1/2*y**2 + 0 - y - 2/3*y**3. What is the units digit of n(4)?
1
Let s(y) = -2*y**3 + y**2 - 1. Let z be s(-1). Suppose 0 = 11*q - 15*q + 4. Let g = z + q. What is the units digit of g?
3
Suppose -z = 2*z - 201. What is the units digit of z?
7
Let b(k) = 2*k + k + k - 2*k. Let y be b(2). What is the tens digit of ((-26)/y)/((-2)/4)?
1
Let j = 4 - -11. What is the tens digit of j?
1
Suppose -328 = -7*k - 27. What is the units digit of k?
3
Let h = 0 + 3. Suppose -h*o = -q + 2, -4*q + 13 = -o - 6. Suppose -2*s - 2*s + 5*r - 21 = 0, 30 = q*s + 5*r. What is the units digit of s?
1
Let b be 2 + (24 - 2)*-1. Let o = b + 30. Let q = -6 + o. What is the units digit of q?
4
Let b = 33 + -20. What is the tens digit of b + -1 + 2 - 3?
1
Let f(o) = o + 1. Let u(l) = -1. Let m(x) = f(x) + 5*u(x). Let w be m(4). Suppose 0*k + 3*k - 30 = w. What is the units digit of k?
0
Let c(i) = 9*i - 5. Let a(d) = 4*d - 2. Let m(b) = -13*a(b) + 6*c(b). Let v = -1 - -4. What is the units digit of m(v)?
2
Suppose 3*r - v - 174 = 194, 3*v = 12. What is the units digit of r?
4
Let z(y) = y - 3. Let x be z(0). Let j = 8 + x. Suppose j*t = -5*s + 75, s - t = -s + 18. What is the units digit of s?
1
Let r(a) = 4 + 4*a - 5 - a. Let l(j) = -j**2 + j + 2. Let g be l(0). What is the units digit of r(g)?
5
What is the units digit of 4 - (-5)/(-3)*54/45?
2
Suppose -3*i = 3*i - 18. Suppose i*h - 2*w = 0, 3*h + w - 7 = h. What is t